{"id":160,"date":"2020-10-18T20:01:13","date_gmt":"2020-10-18T20:01:13","guid":{"rendered":"https:\/\/www.hollandtanfolyam.nl\/akademia\/?page_id=160"},"modified":"2021-01-09T18:55:15","modified_gmt":"2021-01-09T18:55:15","slug":"inloggen","status":"publish","type":"page","link":"https:\/\/www.hollandtanfolyam.nl\/akademia\/inloggen\/","title":{"rendered":"Inloggen"},"content":{"rendered":"[et_pb_section fb_built=&#8221;1&#8243; _builder_version=&#8221;4.6.6&#8243; _module_preset=&#8221;default&#8221;][et_pb_row column_structure=&#8221;1_2,1_2&#8243; _builder_version=&#8221;4.6.6&#8243; _module_preset=&#8221;default&#8221;][et_pb_column type=&#8221;1_2&#8243; _builder_version=&#8221;4.6.6&#8243; _module_preset=&#8221;default&#8221;][et_pb_login _builder_version=&#8221;4.6.6&#8243; _module_preset=&#8221;default&#8221; background_color=&#8221;#000000&#8243; border_radii=&#8221;on|22px|22px|22px|22px&#8221; border_color_all=&#8221;rgba(0,0,0,0)&#8221; box_shadow_style=&#8221;preset1&#8243;]<h3><strong>VIP tag vagy? Jelentkezz be itt, a felhaszn\u00e1l\u00f3n\u00e9v \u00e9s jelsz\u00f3 seg\u00edts\u00e9g\u00e9vel<\/strong><\/h3>[\/et_pb_login][\/et_pb_column][et_pb_column type=&#8221;1_2&#8243; _builder_version=&#8221;4.6.6&#8243; _module_preset=&#8221;default&#8221;][et_pb_text _builder_version=&#8221;4.6.6&#8243; _module_preset=&#8221;default&#8221;]<h3>Nem vagy m\u00e9g VIP tag?<\/h3>\n<p><a href=\"https:\/\/www.hollandtanfolyam.nl\/akademia\/afrekenen\/?add-to-cart=23\">Kattints ide, ha VIP tag szeretn\u00e9l lenni<\/a><\/p>[\/et_pb_text][\/et_pb_column][\/et_pb_row][\/et_pb_section][et_pb_section fb_built=&#8221;1&#8243; _builder_version=&#8221;3.22&#8243;][et_pb_row _builder_version=&#8221;3.25&#8243; background_size=&#8221;initial&#8221; background_position=&#8221;top_left&#8221; background_repeat=&#8221;repeat&#8221;][et_pb_column type=&#8221;4_4&#8243; _builder_version=&#8221;3.25&#8243; custom_padding=&#8221;|||&#8221; custom_padding__hover=&#8221;|||&#8221;][et_pb_text admin_label=&#8221;%91ld_profile show_search=%22no%22 show_header=%22no%22%93&#8243; _builder_version=&#8221;4.6.6&#8243; background_size=&#8221;initial&#8221; background_position=&#8221;top_left&#8221; background_repeat=&#8221;repeat&#8221;]\n<p><\/p>[\/et_pb_text][\/et_pb_column][\/et_pb_row][\/et_pb_section]<!-- \/wp:post-content -->","protected":false},"excerpt":{"rendered":"<p>VIP tag vagy? Jelentkezz be itt, a felhaszn\u00e1l\u00f3n\u00e9v \u00e9s jelsz\u00f3 seg\u00edts\u00e9g\u00e9velNem vagy m\u00e9g VIP tag? Kattints ide, ha VIP tag szeretn\u00e9l lenni<\/p>\n","protected":false},"author":1,"featured_media":0,"parent":0,"menu_order":0,"comment_status":"closed","ping_status":"closed","template":"","meta":{"_et_pb_use_builder":"on","_et_pb_old_content":"","_et_gb_content_width":"","footnotes":""},"class_list":["post-160","page","type-page","status-publish","hentry"],"_links":{"self":[{"href":"https:\/\/www.hollandtanfolyam.nl\/akademia\/wp-json\/wp\/v2\/pages\/160","targetHints":{"allow":["GET"]}}],"collection":[{"href":"https:\/\/www.hollandtanfolyam.nl\/akademia\/wp-json\/wp\/v2\/pages"}],"about":[{"href":"https:\/\/www.hollandtanfolyam.nl\/akademia\/wp-json\/wp\/v2\/types\/page"}],"author":[{"embeddable":true,"href":"https:\/\/www.hollandtanfolyam.nl\/akademia\/wp-json\/wp\/v2\/users\/1"}],"replies":[{"embeddable":true,"href":"https:\/\/www.hollandtanfolyam.nl\/akademia\/wp-json\/wp\/v2\/comments?post=160"}],"version-history":[{"count":0,"href":"https:\/\/www.hollandtanfolyam.nl\/akademia\/wp-json\/wp\/v2\/pages\/160\/revisions"}],"wp:attachment":[{"href":"https:\/\/www.hollandtanfolyam.nl\/akademia\/wp-json\/wp\/v2\/media?parent=160"}],"curies":[{"name":"wp","href":"https:\/\/api.w.org\/{rel}","templated":true}]}}